 4.
-33302320
What is 1cc (base 14) in base 6?
1424
-18620 (base 10) to base 7
-105200
4a9 (base 14) to base 15
423
What is -6 (base 7) in base 10?
-6
Convert -1b0c5 (base 13) to base 2.
-1100111010011001
What is 67bb (base 12) in base 15?
362e
What is 2cde (base 15) in base 16?
25bb
Convert -2014 (base 5) to base 7.
-520
Convert 17454 (base 9) to base 4.
2330011
382 (base 16) to base 12
62a
-435661 (base 7) to base 15
-179dd
What is 4130 (base 13) in base 9?
13305
What is 311 (base 14) in base 13?
375
What is 2210 (base 4) in base 15?
ae
5577 (base 11) to base 5
213334
Convert 11 (base 12) to base 3.
111
Convert -46315 (base 7) to base 9.
-17184
What is -1810 (base 16) in base 8?
-14020
What is 9a42 (base 12) in base 10?
17042
Convert -858 (base 11) to base 10.
-1031
111112220 (base 3) to base 7
40542
-2aab (base 13) to base 9
-8476
What is 134433 (base 8) in base 5?
3004022
Convert 4133 (base 7) to base 14.
753
What is 39 (base 15) in base 4?
312
Convert -133221 (base 4) to base 2.
-11111101001
39cb (base 13) to base 2
10000001010111
What is -3b5c (base 16) in base 14?
-5776
-9bd (base 14) to base 8
-3613
Convert 230203 (base 4) to base 5.
42401
Convert 3242224 (base 5) to base 10.
55939
What is 9996 (base 11) in base 2?
11001101110101
Convert -342203 (base 6) to base 7.
-150414
What is -100001001001011 (base 2) in base 7?
-100323
What is -27 (base 14) in base 2?
-100011
What is -57 (base 8) in base 9?
-52
Convert 1100111111100 (base 2) to base 13.
3049
What is 442 (base 8) in base 11?
244
Convert 1270 (base 11) to base 4.
121302
What is 4a (base 16) in base 10?
74
-40 (base 16) to base 13
-4c
Convert 7157 (base 11) to base 16.
251c
What is 2021 (base 8) in base 13?
621
What is -410 (base 15) in base 16?
-393
-6063 (base 9) to base 10
-4431
-5d1d (base 14) to base 13
-7556
What is -1312334 (base 5) in base 6?
-320121
What is -1414 (base 12) in base 3?
-10011221
What is 10312 (base 5) in base 11?
593
-11313001 (base 4) to base 6
-303041
Convert -115015 (base 6) to base 15.
-3028
What is -3200213 (base 4) in base 5?
-430000
What is -12415 (base 10) in base 8?
-30177
What is -759 (base 13) in base 12?
-889
What is -110010111 (base 3) in base 5?
-240332
What is -135635 (base 7) in base 12?
-130a5
1000 (base 6) to base 12
160
What is -1314423 (base 5) in base 6?
-321250
939 (base 13) to base 2
11000100001
Convert 3820 (base 15) to base 6.
131203
Convert -298 (base 12) to base 11.
-338
What is 401 (base 5) in base 10?
101
Convert 141412 (base 6) to base 8.
32020
What is -102012120 (base 3) in base 13?
-3945
What is -9864 (base 12) in base 4?
-10012030
-3366 (base 8) to base 5
-24112
What is -144010 (base 6) in base 4?
-3120012
Convert 455242 (base 6) to base 15.
b742
Convert 25253 (base 6) to base 9.
5156
11505 (base 9) to base 7
31310
What is 18153 (base 12) in base 8?
103717
Convert -110011000101101 (base 2) to base 10.
-26157
What is -200221 (base 5) in base 4?
-1202213
Convert -416 (base 10) to base 7.
-1133
What is 111012 (base 3) in base 15?
18b
What is -7a10 (base 14) in base 5?
-1134212
10230 (base 4) to base 2
100101100
-750 (base 16) to base 4
-131100
-10101001111 (base 2) to base 3
-1212100
34712 (base 9) to base 14
8637
What is 173 (base 13) in base 11?
21a
What is 54042 (base 6) in base 3?
101002222
What is 6aa5 (base 12) in base 16?
2e9d
Convert -143230 (base 5) to base 7.
-23453
23843 (base 10) to base 7
126341
-60 (base 12) to base 6
-200
What is -bb (base 13) in base 9?
-181
What is 4b5 (base 12) in base 14?
38d
Convert -10101101111 (base 2) to base 7.
-4025
10 (base 12) to base 13
c
Convert -213b (base 15) to base 6.
-52315
Convert -70 (base 14) to base 5.
-343
Convert c027 (base 16) to base 3.
2111110220
Convert -130332 (base 5) to base 6.
-35324
-11111110010000 (base 2) to base 13
-7539
-1154 (base 9) to base 3
-1011211
Convert ac2 (base 16) to base 12.
1716
Convert -514 (base 11) to base 8.
-1154
What is -223 (base 16) in base 10?
-547
Convert 2257 (base 11) to base 2.
101110010110
6523 (base 7) to base 9
3157
Convert -33368 (base 9) to base 12.
-109bb
What is -10231 (base 5) in base 9?
-847
5bb (base 13) to base 3
1101000
Convert -11334 (base 9) to base 12.
-4464
5453 (base 6) to base 8
2351
-17374 (base 11) to base 2
-101111101010010
What is -12323 (base 4) in base 13?
-281
What is 4000 (base 6) in base 5?
11424
-30441 (base 5) to base 9
-2657
What is 1649 (base 16) in base 9?
7738
What is 1cf (base 16) in base 8?
717
What is 416 (base 8) in base 13?
17a
What is -10220102022 (base 3) in base 2?
-10010110000110010
What is 101000101 (base 2) in base 7?
643
13584 (base 13) to base 8
106411
What is 114044 (base 5) in base 6?
31442
96b6 (base 13) to base 9
31642
What is -2011 (base 3) in base 13?
-46
582 (base 9) to base 2
111011111
15cf6 (base 16) to base 8
256366
3a (base 15) to base 11
50
What is 145a (base 15) in base 16?
1108
Convert -1625 (base 10) to base 4.
-121121
Convert 1020 (base 9) to base 12.
523
What is 103305 (base 6) in base 4?
2011121
1212 (base 3) to base 7
101
-1200021 (base 4) to base 5
-144103
What is -32746 (base 10) in base 13?
-11b9c
What is -21c4 (base 13) in base 6?
-33511
-2722 (base 8) to base 2
-10111010010
Convert 1125 (base 11) to base 12.
a33
Convert -1186 (base 13) to base 14.
-c8c
What is 2201002 (base 3) in base 2?
11110110101
What is 311212 (base 4) in base 11?
2639
What is -7142 (base 11) in base 4?
-2110030
31110 (base 6) to base 10
4146
What is -1104 (base 7) in base 12?
-290
221002 (base 4) to base 6
20054
Convert 2063 (base 9) to base 14.
7a3
10211111 (base 3) to base 6
20534
What is 452 (base 6) in base 13?
107
Convert 172 (base 16) to base 11.
307
Convert -50 (base 12) to base 10.
-60
What is 530 (base 8) in base 5?
2334
-26324 (base 7) to base 11
-5307
What is -1613 (base 10) in base 7?
-4463
Convert -2380 (base 9) to base 5.
-24043
What is 11101001001 (base 2) in base 12?
10b5
What is -11122 (base 3) in base 11?
-104
What is 34610 (base 10) in base 5?
2101420
What is 4274 (base 12) in base 13?
3418
What is 44301 (base 8) in base 10?
18625
What is 36729 (base 10) in base 12?
19309
Convert -caf (base 16) to base 9.
-4407
2333 (base 8) to base 6
5431
Convert 1222 (base 5) to base 8.
273
-1211 (base 9) to base 11
-74a
Convert -22580 (base 10) to base 7.
-122555
Convert 256155 (base 7) to base 15.
e246
Convert 242e (base 15) to base 6.
55342
121220 (base 3) to base 6
2040
Convert 24956 (base 14) to base 7.
522236
What is 7 (base 16) in base 6?
11
c3 (base 16) to base 10
195
What is -1110101 (base 2) in base 14?
-85
What is -1230012 (base 4) in base 11?
-521a
1010012212 (base 3) to base 16
560c
Convert -5567 (base 8) to base 3.
-11000201
-75e7 (base 16) to base 2
-111010111100111
1435 (base 8) to base 9
1075
What is -1305 (base 7) in base 12?
-353
-3121 (base 4) to base 5
-1332
-360 (base 11) to base 8
-655
-81458 (base 9) to base 10
-53594
What is c0d (base 14) in base 6?
14541
Convert -35517 (base 8) to base 7.
-62160
-168 (base 11) to base 2
-11000011
6266 (base 8) to base 5
101004
What is -133201 (base 5) in base 8?
-12462
What is -976 (base 10) in base 16?
-3d0
What is -169 (base 14) in base 2?
-100100001
-303323 (base 4) to base 10
-3323
Convert -34402 (base 9) to base 13.
-a586
Convert -513 (base 7) to base 16.
-ff
Convert -72 (base 9) to base 2.
-1000001
-1014 (base 14) to base 5
-42022
Convert -1000001001110 (base 2) to base 7.
-15112
What is 22020 (base 6) in base 11?
2310
What is -3240031 (base 5) in base 3?
-2211022210
Convert 6577 (base 12) to base 7.
44410
What is 1583 (base 11) in base 5?
31102
What is 812 (base 10) in base 14?
420
Convert 2220002 (base 3) to base 11.
1647
Convert 4043 (base 6) to base 3.
1020000
335 (base 11) to base 12
295
What is -14351 (base 8) in base 7?
-24410
What is 10416 (base 7) in base 3?
10120200
10448 (base 10) to base 13
49a9
-262 (base 8) to base 12
-12a
What is 5146 (base 7) in base 6?
12154
What is -121063 (base 8) in base 7?
-232026
What is -2060 (base 7) in base 11?
-602
-12420 (base 11) to base 5
-1032214
Convert -71c4 (base 13) to base 14.
-5a20
What is -5628 (base 9) in base 13?
-1b7a
Convert 10000011001000 (base 2) to base 13.
3a87
Convert 130 (base 4) to base 10.
28
Convert 6122 (base 10) to base 5.
143442
What is 1643 (base 7) in